e -n = -16*w + 7956. What is the tens digit of w?
3
Suppose 5 = 5*t, -1713*z - 2*t + 13322 = -1710*z. What is the tens digit of z?
4
Let p = 47 - 43. Suppose -p*b = -5*l + 20, 4*b = 3*l - 15 - 5. What is the units digit of (-1896)/(-28) - l - 4/(-14)?
8
Let l(y) = -6*y - 5 - 16 - 3 - 17*y. Let k(h) = h**2 + 28*h + 18. Let g be k(-27). What is the tens digit of l(g)?
8
Let f(i) = 7757*i - 4420. What is the ten thousands digit of f(4)?
2
What is the hundreds digit of (-3)/21 - (0 - (-805528)/(-119))?
7
Let q(v) = 2*v**3 + 109*v**2 - 9*v - 168. What is the tens digit of q(-52)?
2
Let y(x) = x**3 + 20*x**2. Let f be y(-20). Suppose n + 76 - 81 = f. Suppose 0 = n*h - 3*h - 126. What is the units digit of h?
3
Let f(x) = -32*x - 5. Let z(y) = 32*y + 7. Let s(t) = 3*f(t) + 4*z(t). What is the tens digit of s(18)?
8
Let t = 66 + 475. Let k = 1049 - t. What is the hundreds digit of k?
5
Let r(t) = -773*t - 137. Let v be r(-4). What is the hundreds digit of v*((-171)/(-27) + -6)?
9
Let n be (41/(-82))/((-2)/16). Suppose u = 216 + 132. Suppose 5*p + 21 - 420 = -4*f, -4*p = -n*f - u. What is the units digit of p?
3
Let q be 3*(-20)/4*(-114)/10. Let c = q - -26. What is the units digit of c?
7
Let b(m) = 4*m + 114. Suppose -236 - 226 = -22*a. What is the hundreds digit of b(a)?
1
Let h = -5540 - -2748. Let n be h/(-20) + (-4)/(-10). Suppose -2*d + n = -56. What is the tens digit of d?
9
Let b(t) = 9*t**3 - 2*t - 1. Let i be b(2). Suppose x - j + 106 - 165 = 0, 5*x - 323 = -2*j. Let c = x + i. What is the hundreds digit of c?
1
Let v(b) = 7*b**2 - 5*b - 7. Let k be (2 + 3)/5 + -3. Let z be v(k). Suppose 32*j - 253 = z*j. What is the units digit of j?
3
Let u = 0 + 1. Let q(i) = 8*i + 2. Let h be q(u). Suppose 200 = 5*w - h. What is the tens digit of w?
4
Let p be (-10)/(-4) - 13/26. Suppose 3*w - p*g = 837, 0 = -2*g - g - 9. What is the tens digit of w?
7
Let i = 46 - -3. Suppose 0 = -5*z - 3*z + 608. Suppose i = 5*j - z. What is the tens digit of j?
2
Suppose 4*d = -3794 + 32342. What is the hundreds digit of d?
1
Suppose -24*v + 132734 = -51466. What is the hundreds digit of v?
6
Let x = 381 - 375. Suppose -5 = -5*r, -4*c = -x*c - 5*r + 1639. What is the tens digit of c?
1
Let o be (27/6)/((-2)/52). Suppose z - 43 - 174 = 0. Let u = o + z. What is the tens digit of u?
0
Let d(q) be the second derivative of -4*q**3/3 + 94*q**2 - 3*q - 5. What is the hundreds digit of d(0)?
1
What is the tens digit of 1/6 - ((-4406710)/84)/55?
5
Suppose 38 = -2*i + 42. Suppose i*o + 218 = -4*v + 8*v, -5*o - 97 = -2*v. What is the units digit of v?
6
What is the units digit of 34/(8 + (-21675)/2710)?
8
Let u be (-98)/(-12) + (-2)/12. Suppose u*s - 12 = 6*s. Suppose -7*l + 80 = -s*l. What is the units digit of l?
0
Suppose 141*q + 6166734 = 547*q. What is the thousands digit of q?
5
Let l = 29 - 24. Suppose 2*n = 4*v + 4472, -l*n + 4*n = 3*v + 3364. What is the hundreds digit of (9/(-6))/(12/v)?
1
Suppose -4*s - 8 = 4*x, -3*x = 4*s + 1 + 7. Suppose x = -5*z - 7 - 3. Let o = 133 + z. What is the units digit of o?
1
Let b(p) = 101*p**2 - 2*p - 1. Let h(c) = 506*c**2 - 12*c - 5. Let s(l) = 11*b(l) - 2*h(l). What is the tens digit of s(-1)?
9
Let l(z) = z**2 - 11*z + 12. Let h be l(6). Let b = h - -22. Suppose -579 = -3*u - 2*f, b*f = 2 + 10. What is the hundreds digit of u?
1
Let q(g) = 9*g + 14. Let j(d) = -10*d - 12. Let k(o) = 5*j(o) + 4*q(o). Let x(n) = -2*n. Let m be x(2). What is the units digit of k(m)?
2
Let f(n) = 21*n**3 - n. Let v be f(1). Let h be 2/(-5) + v/50. Suppose h = 2*q + 13 - 77. What is the units digit of q?
2
Suppose 19*u + 1374 = 2*p + 21*u, 0 = 5*p + 3*u - 3445. What is the units digit of p?
2
Let w = 12 + -6. Let f(v) = v**3 + 31*v**2 + 62*v + 139. Let c be f(-29). Suppose 0 = w*r - c - 25. What is the units digit of r?
8
Let l = 2648 + 240. What is the tens digit of l?
8
Let d(q) = 4 + 684*q + 31 - 777*q. What is the hundreds digit of d(-8)?
7
Let q(f) = 1019*f**2 + 151*f - 608. What is the units digit of q(4)?
0
Let y = -476 + -203. Let h = y + 1169. What is the tens digit of h?
9
Let z = 338 - 338. Suppose 47*k - 11*k - 7848 = z. What is the hundreds digit of k?
2
What is the units digit of 35/2*136200/125?
8
Suppose -48*p = -52*p + 8. Suppose m - 50 = 5*d, -m = -p*d - 22 - 19. What is the tens digit of m?
3
Suppose -335*a - 3889436 + 12520969 = -2833507. What is the ten thousands digit of a?
3
Suppose -197*d + 198*d = -3*u + 30637, -3*d + 20427 = 2*u. What is the tens digit of u?
1
Suppose 6*t = 7*t - k - 8403, 2*t - 4*k = 16818. What is the tens digit of t?
9
Let u(s) = s**2 + 566. Let i(z) = 20*z + 240. Let x be i(-12). What is the units digit of u(x)?
6
Let p(j) = -21*j - 186. Let o be p(-17). Let l = 155 + o. What is the hundreds digit of l?
3
Suppose 44*h + 0 = 132. Suppose -5*r = -5*s + 985, -7*s + 3*s = -h*r - 788. What is the hundreds digit of s?
1
Let k = 499 - 364. Suppose -138*m = -k*m - 2220. What is the tens digit of m?
4
What is the units digit of 6 + (448034/22 + 1 - (-264)/(-1452))?
2
Suppose 0 = 6*o - 9*o + 5*m + 515, 0 = -o - 4*m + 166. Let i = o + 641. What is the hundreds digit of i?
8
Let t(x) = 921*x**3 - 8*x**2 + 47*x - 45. What is the units digit of t(3)?
1
Let u = -69 + 7. Let k = 74 + u. What is the hundreds digit of k/(-54) + (-2812)/(-18)?
1
Let p(m) be the second derivative of 4*m**4/3 - 37*m**3/6 + 125*m**2/2 - 2*m - 58. What is the units digit of p(4)?
3
Let n(q) = -q**3 - 7*q**2 - 8*q - 22. Let m be n(-9). Let p = m + 78. What is the hundreds digit of p?
2
Let l(p) = -3*p - 13. Let c be l(-6). Suppose 11*f = 165 + 7689. Suppose -c*j = -3*j - 5*u - 281, -5*j + u = -f. What is the units digit of j?
3
Let r = -42 - -47. Suppose u - 10 = -r*s, -5*s - 20 + 55 = -4*u. What is the tens digit of -3 - (1 - (16 + s))?
1
What is the hundreds digit of ((-78610)/28)/(8/(-32))?
2
Let y(k) be the third derivative of -k**4/8 + 14*k**3/3 + 37*k**2 + 2*k. What is the tens digit of y(4)?
1
Let o be 6/(-4) + (-13)/((-104)/924). What is the tens digit of (o/5)/(6*(-4)/(-60))?
5
What is the hundreds digit of 85005/35 - 185/259?
4
Let b(w) = -w**3 - 17*w**2 - 16*w + 24. Let p be b(-19). Let v = 1594 - p. What is the hundreds digit of v?
5
Suppose n - 2*m + m - 6115 = 0, 18329 = 3*n + 5*m. What is the units digit of n?
3
Let y be ((-12)/(-24))/((-1)/(-14)). Let r = y + -5. Suppose -3*c + 84 = -r*c - 3*u, 0 = -c + 4*u + 82. What is the tens digit of c?
9
Suppose 3*o - 728 = -5*r, o + 5*r - 243 = -17. Let q = -219 + o. What is the tens digit of q?
3
Suppose -5*h + 2522 = 4*m, 20*m = 24*m + h - 2514. Suppose 0 = p + v + 3*v - m, -3*p + 1944 = -3*v. What is the hundreds digit of p?
6
Let r be 3/4 - (-1002069)/36. Suppose -22*y = 864 - r. What is the units digit of y?
6
Let f(p) = -p**3 - 2*p - 52. Let n be f(0). Let a = n - 10. Let m = a + 127. What is the units digit of m?
5
Suppose 29 - 17 = -6*m. Let n(u) = -168*u - 7. What is the units digit of n(m)?
9
Let g(r) = r**2 + 2*r - 1. Let a(m) = 5*m**2 - 16*m. Let c(k) = a(k) + 2*g(k). What is the hundreds digit of c(9)?
4
Suppose 2*b + 1489 = 3*z - 1626, 2*z - 2*b = 2078. Let u = z + -381. What is the hundreds digit of u?
6
Let g = 1757 - 1051. What is the tens digit of g?
0
Suppose 11*z - 58 - 140 = 0. Let n(x) be the third derivative of -x**5/60 + 23*x**4/24 - 13*x**3/3 - 7*x**2. What is the tens digit of n(z)?
6
Let f(v) = -v**3 - 5*v**2 - 5*v. Let j be f(-4). Let w be 16 + -13 + j*8. Let b = w + -4. What is the units digit of b?
1
Suppose -129*x + 35795 = 5*o - 126*x, -2*x + x = 0. What is the hundreds digit of o?
1
Suppose 77*g - 71*g = -36. What is the tens digit of (24156/(-88))/(g/16)?
3
Let k(p) = 2*p - 8. Let v be k(2). Let y(a) = -44*a - 36. Let s(o) = -15*o - 12. Let q(i) = 10*s(i) - 3*y(i). What is the tens digit of q(v)?
6
Suppose -5*a = -0*t + t - 2893, -2*t + 5786 = 4*a. Suppose t = 4*s + 3*o, -5*s = -4*o + 5*o - 3619. What is the tens digit of s?
2
Let q(u) = -25*u - 11*u + 14*u - 19*u - 87. What is the tens digit of q(-7)?
0
Let u(i) = 213*i**2 - 356*i - 14. What is the tens digit of u(-7)?
1
Let x = -206 - -110. Let f = 219 + -20. Let y = f + x. What is the tens digit of y?
0
Suppose 155*x = 148*x + 14. Suppose -153 = -x*a + 71. What is the tens digit of a?
1
Let s(r) = -r